nd 66.
22
Suppose -8*p + 3175 + 1625 = 0. Calculate the greatest common factor of p and 24.
24
Let r(d) = -4*d - 13. Let h be r(-4). Suppose -h*p + 201 = -5*g - 129, 2*p - 5*g = 220. What is the highest common divisor of p and 11?
11
Let k be ((-3)/(-45)*9)/(3/15). Suppose 7 = -k*j + 34. Let x be 2/4*4 + 70. What is the highest common divisor of j and x?
9
Suppose 51 = 3*y - 48. Suppose -3*o - y = -3*q, -3*q + 32 = -2*o - 1. What is the greatest common factor of q and 1?
1
Let b = 330 - 312. What is the greatest common divisor of 333 and b?
9
Let w(a) = 2*a**3 - 24*a**2 + 3*a - 6. Let i be w(12). Calculate the highest common factor of i and 315.
15
Let n = -11 - -22. Let k(r) = 3*r**3 + 18*r**2 + 17*r + 11. Let b be k(-5). What is the greatest common factor of b and n?
1
Suppose 3*d + p = 644, 4*p - 1084 = -5*d + 5*p. What is the greatest common divisor of 32 and d?
8
Suppose 0 = -10*j + 5*j + 50. Let a(z) = 2 + 0*z + z**2 + 0*z - 3*z + 12*z**2. Let i be a(3). What is the highest common divisor of i and j?
10
Let f be (4 - 10)*(-4)/3. Let p be 6/((f/(-28))/(-2)). Suppose 0*g = -3*g + p. What is the highest common factor of 14 and g?
14
Let w = 2219 + -1799. What is the greatest common divisor of 240 and w?
60
Let j be (66/(-21) - -6)/(2/35). Let i = 64 - j. What is the greatest common divisor of 98 and i?
14
Let f(z) = -z + 101. Let y be f(15). Calculate the highest common factor of 172 and y.
86
Let l be (-1)/(-4) + (-209)/(-44). Suppose -80 = -l*z + z. Let m = 78 + -48. Calculate the highest common divisor of z and m.
10
Suppose -23 = -3*q - 3*f - 2, 15 = -5*q + 5*f. Let v(j) = 15*j**2 + 3*j - 3. Let k be v(q). What is the highest common divisor of k and 63?
63
Suppose -16*h = -23*h + 105. Let m be h + (-1 - -2)*-5. What is the highest common divisor of 15 and m?
5
Let y be -1*(-3)/(-5) - 21/(-35). Let u be (y/3)/1 - (3 - 10). Let v = 60 + -4. What is the highest common divisor of u and v?
7
Let y(k) = -k**2 + 4*k - 3. Let g be y(2). Let c(n) = -2*n**3 - 6*n**2 + 5*n + 29. Let l be c(-2). What is the highest common factor of l and g?
1
Suppose -7*s + 90 = -2*s. Suppose -3*p - 3*a = -447, -2*p + 0*a + 308 = 4*a. What is the highest common factor of s and p?
18
Let d = -43 + 35. Let s be 18/((-44)/d + -4). What is the highest common divisor of 132 and s?
12
Let i = 173 - 126. Calculate the greatest common divisor of 517 and i.
47
Let v be 6/12 + 147/2. Suppose -v = -2*j + 22. Calculate the highest common divisor of j and 24.
24
Let x = 7 + -2. Suppose 3*f - x*g = 2*f + 13, 0 = -3*f + 2*g + 65. What is the highest common factor of f and 207?
23
Let m = 565 - 304. Let h = -14367 - -14396. What is the highest common divisor of m and h?
29
Let p(a) = a**3 - 4*a**2 - 2*a - 4. Suppose 0 = -18*k + 24*k - 30. Let w be p(k). What is the greatest common divisor of 121 and w?
11
Let l = 2761 + -1969. Suppose d - y = 544, 4*d - 5*y - 762 = 1419. Let b = l - d. What is the greatest common factor of 23 and b?
23
Suppose j = -j - 4. Let s(m) = m**2. Let k be s(j). Suppose 4*v + 2*t = v + 54, -3*v - 5*t + 45 = 0. Calculate the highest common factor of k and v.
4
Let r = 136 + -97. Suppose 1 + 1 = -2*q, 0 = -p - 4*q + 22. Calculate the greatest common factor of r and p.
13
Suppose 0 = g - 56 - 24. Suppose -2*v = 2*q, -4*q = 5*v - 0 + 2. Suppose 2*z - 36 = 3*t + 46, 4*t + g = q*z. What is the highest common factor of z and 110?
22
Let d = -690 + 746. Calculate the highest common divisor of 952 and d.
56
Let g be (4/12)/(2/186). Suppose -a + 5 = -g. Let h be 6*1/21 - (-156)/42. What is the highest common divisor of a and h?
4
Suppose z = -q + 4, -q = -6*q + 10. Suppose -4*d - z*l = -42, 34 = -d + 4*d + 4*l. What is the highest common divisor of d and 50?
10
Let l = -1193 + 1340. Calculate the greatest common divisor of l and 63.
21
Let d(g) = -115*g + 221. Let v be d(0). What is the highest common divisor of v and 39?
13
Suppose -2*w - 8 = 0, 2*w - w = -n - 3. Suppose f + 55 = 56*f. Calculate the greatest common factor of n and f.
1
Let a be (-3)/(-7) + (0 - (-13620)/70). What is the greatest common factor of 75 and a?
15
Suppose 960 = 5*a - 3*s - 1072, 3*a + 4*s = 1225. What is the greatest common factor of 74 and a?
37
Let g be -2 + (678/9)/((-1)/(-3)). Calculate the greatest common factor of 32 and g.
32
Suppose 2*t + 70 = q, 3*q + 2*t + t = 165. Suppose 5*n - 115 = q. Let b = 27 + -13. What is the highest common factor of n and b?
7
Let w(t) = 59*t - 311. Let r be w(6). Calculate the highest common divisor of 473 and r.
43
Let b(d) = -58*d + 1. Let v be b(-3). Suppose 4*q = 9*q - v. Suppose 2*o - 36 = -2*o + 4*u, -4*o - u = -16. What is the greatest common divisor of q and o?
5
Let l be (8/5)/(2/(-20)). Suppose 5*d = 2*g + 9, 3*g = d - 0 - 7. Let m be (-6)/(l/(-10) + g). Calculate the highest common factor of m and 165.
15
Let p be (-2)/(-6) + 35/3. Let i = p - 10. Suppose -8*m + 165 = 37. What is the highest common divisor of m and i?
2
Let a be 2/11 - 140/44 - -23. Calculate the greatest common factor of 185 and a.
5
Let t(f) = 3*f**2 + 19*f + 26. Let j be t(-13). What is the highest common factor of j and 22?
22
Let n(c) = 6*c - 3. Let o be n(2). Suppose -2*f = 13 - 1. Let p be (1*-18)/(2/30*f). Calculate the greatest common divisor of o and p.
9
Let t(o) = -o**2 + 5*o - 28. Let d(g) = 4*g**2 - 21*g + 112. Let z(r) = -2*d(r) - 9*t(r). Let l be z(0). Calculate the highest common factor of l and 7.
7
Let p be 2/9 + 124/9. Let b be (-2)/9 + (-96)/54. Let c(a) = -18*a**3 + 3*a**2 + 2*a + 2. Let w be c(b). Calculate the highest common divisor of p and w.
14
Let f = 350 - 340. Calculate the highest common divisor of 16 and f.
2
Suppose -3*w + 6*w = -18. Let h(a) = 4*a**2 + 4*a - 3. Let m be h(w). What is the highest common divisor of m and 13?
13
Suppose -3*n + 41 = -94. Calculate the greatest common factor of n and 480.
15
Let b be (-2 - (-1 - -5)) + 50. What is the greatest common factor of b and 286?
22
Let h be (16/(-2) - -3)/(-1). Suppose -h*i + 252 = i. What is the greatest common factor of 14 and i?
14
Let r be 0*(-3)/9 + 2. Let q be ((-16)/8)/(r/(-39)). Let v = 60 + q. Calculate the greatest common divisor of 11 and v.
11
Let r(h) = -h**2 + 41*h - 22. Let d be r(25). Calculate the greatest common divisor of 84 and d.
42
Suppose 1152 = 5*f + 3*g - 2996, -5*f = 5*g - 4140. What is the greatest common factor of f and 13?
13
Let n(g) = -9*g - 19. Let a be n(-5). Suppose 0 = -2*u - u + 5*c + 49, 5*u - 4*c - 73 = 0. What is the greatest common factor of a and u?
13
Let t(c) = -37*c + 17. Let k be t(-15). Calculate the highest common divisor of k and 44.
44
Suppose 2*b + 4*b = -12. Let t be 0 + -3*4*b. What is the highest common factor of 48 and t?
24
Suppose 3*m - 148 = 1100. Suppose -119 + m = 3*k. Let l(x) = -3*x - 16. Let a be l(-9). What is the greatest common factor of a and k?
11
Suppose -4*v - 3*z = -2*z - 4922, 2466 = 2*v + 3*z. What is the greatest common divisor of v and 30?
30
Let s = 827 + -415. Let q = -244 + s. Calculate the greatest common factor of q and 21.
21
Let v(n) = 2*n**3 - 5*n**2 + 3*n + 2. Let x be v(3). Let h = x + 112. What is the greatest common divisor of h and 12?
12
Let o be (92/(-8))/(4*4/(-32)). What is the greatest common factor of o and 1771?
23
Suppose h + 2 = 27. Let w be (-2)/(-10) + -3 + 920/h. Let n = -17 - -34. What is the greatest common factor of w and n?
17
Let o(y) = -14*y**3 - 3*y**2 + 6*y + 7. Let r be o(-2). Calculate the greatest common factor of r and 19.
19
Suppose 5*k = 4*k + 9. Suppose 0 = 9*o - 12 - 6. Suppose 10 = -5*w, -j + o*w + 2 = -11. Calculate the highest common divisor of j and k.
9
Let s be 5456/32 + 1/(-2). Suppose s = 3*v - y + 2*y, 0 = 2*v + 5*y - 109. Calculate the greatest common divisor of v and 19.
19
Let l(d) = 2*d - 13. Let u be l(5). Let z(m) = -m + 21. Let k be z(u). Calculate the greatest common factor of k and 72.
24
Let l = -260 - -266. Calculate the greatest common factor of 16 and l.
2
Let o be (39/(-52))/(6/(-16)). Let i = -9 + o. Let d be i/((-28)/(-8)) - -77. Calculate the highest common factor of d and 30.
15
Suppose t - 2 = -2*d + 3*t, 3*d + 5*t - 11 = 0. Suppose -56 = -d*s + 6. What is the greatest common divisor of 248 and s?
31
Let j be ((-6)/2)/(-6)*0. Let w = j + 18.